and 4.
4
Calculate the greatest common divisor of 2934 and 126.
18
Calculate the greatest common factor of 53 and 1537.
53
What is the greatest common divisor of 9922 and 484?
242
What is the greatest common divisor of 485 and 5?
5
Calculate the highest common factor of 153 and 9.
9
Calculate the greatest common factor of 6 and 21.
3
What is the greatest common factor of 127 and 1?
1
Calculate the highest common divisor of 54 and 189.
27
What is the highest common divisor of 34 and 17?
17
Calculate the greatest common divisor of 1302 and 21.
21
What is the greatest common divisor of 40 and 1050?
10
What is the highest common factor of 885 and 20?
5
Calculate the greatest common divisor of 885 and 165.
15
Calculate the highest common divisor of 3133 and 3615.
241
Calculate the greatest common divisor of 5 and 35.
5
Calculate the highest common factor of 55 and 715.
55
What is the greatest common factor of 2414 and 34?
34
What is the highest common factor of 100 and 25?
25
Calculate the highest common factor of 27 and 39.
3
Calculate the highest common factor of 30 and 870.
30
Calculate the highest common factor of 42 and 72.
6
What is the greatest common factor of 414 and 306?
18
What is the highest common divisor of 51 and 48?
3
What is the highest common divisor of 11 and 297?
11
Calculate the greatest common factor of 1133 and 99.
11
Calculate the greatest common divisor of 1308 and 24.
12
What is the highest common factor of 437 and 19?
19
Calculate the greatest common factor of 1620 and 60.
60
What is the greatest common divisor of 55 and 155?
5
Calculate the highest common factor of 37 and 4033.
37
What is the greatest common divisor of 10 and 215?
5
Calculate the greatest common divisor of 31 and 2232.
31
Calculate the highest common divisor of 672 and 160.
32
What is the greatest common divisor of 45 and 1935?
45
What is the highest common factor of 2232 and 144?
72
What is the highest common factor of 110 and 2376?
22
Calculate the greatest common factor of 15 and 4512.
3
Calculate the greatest common divisor of 80 and 1840.
80
What is the greatest common divisor of 15 and 155?
5
What is the greatest common factor of 300 and 1170?
30
What is the highest common divisor of 63 and 1701?
63
Calculate the greatest common factor of 1518 and 66.
66
What is the highest common factor of 2360 and 520?
40
What is the greatest common factor of 290 and 30?
10
Calculate the greatest common factor of 48 and 84.
12
What is the highest common divisor of 32 and 1808?
16
What is the highest common factor of 363 and 33?
33
Calculate the greatest common factor of 441 and 42.
21
What is the highest common divisor of 46 and 115?
23
What is the greatest common factor of 250 and 11125?
125
Calculate the highest common factor of 400 and 16.
16
What is the greatest common divisor of 228 and 45258?
114
What is the highest common divisor of 44 and 112?
4
Calculate the greatest common factor of 90 and 306.
18
Calculate the greatest common divisor of 21048 and 48.
24
Calculate the highest common factor of 57540 and 274.
274
Calculate the greatest common divisor of 168 and 48.
24
Calculate the greatest common factor of 493 and 87.
29
What is the greatest common factor of 10 and 560?
10
Calculate the greatest common factor of 559 and 91.
13
Calculate the highest common factor of 1 and 4.
1
Calculate the highest common divisor of 1102 and 232.
58
Calculate the highest common factor of 10 and 290.
10
What is the greatest common divisor of 86 and 3483?
43
Calculate the highest common divisor of 84 and 12.
12
Calculate the greatest common factor of 20 and 640.
20
Calculate the greatest common factor of 224 and 16.
16
What is the greatest common factor of 24 and 180?
12
Calculate the highest common divisor of 35 and 1295.
35
What is the highest common divisor of 32 and 28?
4
Calculate the highest common divisor of 200 and 3675.
25
Calculate the greatest common divisor of 259 and 31598.
259
Calculate the greatest common factor of 16929 and 76.
19
Calculate the greatest common factor of 22 and 2.
2
Calculate the greatest common factor of 298 and 6.
2
What is the greatest common divisor of 3828 and 924?
132
What is the greatest common divisor of 28 and 1582?
14
What is the greatest common factor of 62 and 5146?
62
What is the greatest common factor of 13771 and 94?
47
What is the greatest common divisor of 34980 and 55?
55
What is the greatest common divisor of 185 and 1813?
37
What is the highest common factor of 108 and 14220?
36
What is the greatest common divisor of 174 and 654?
6
What is the greatest common divisor of 1268 and 3?
1
Calculate the greatest common factor of 216 and 24.
24
Calculate the highest common divisor of 18 and 576.
18
What is the highest common divisor of 63 and 231?
21
Calculate the greatest common divisor of 8 and 256.
8
Calculate the highest common factor of 1404 and 52.
52
What is the highest common factor of 663 and 13?
13
Calculate the highest common factor of 1890 and 50.
10
Calculate the highest common factor of 33 and 21.
3
What is the highest common divisor of 8 and 132?
4
Calculate the highest common factor of 155 and 62.
31
What is the highest common divisor of 216 and 3051?
27
Calculate the highest common factor of 10951 and 233.
233
Calculate the highest common divisor of 8557 and 129.
43
Calculate the greatest common divisor of 681 and 6.
3
Calculate the highest common factor of 64 and 46912.
64
Calculate the greatest common divisor of 10 and 40.
10
What is the highest common divisor of 1308 and 4?
4
Calculate the highest common divisor of 72 and 5058.
18
What is the greatest common factor of 129 and 37797?
129
What is the greatest common factor of 17195 and 285?
95
What is the highest common factor of 686 and 28?
14
Calculate the highest common divisor of 1102 and 76.
38
What is the highest common divisor of 232 and 8?
8
Calculate the greatest common divisor of 137 and 7.
1
What is the greatest common divisor of 128 and 36?
4
What is the highest common factor of 36 and 156?
12
Calculate the greatest common factor of 592 and 259.
37
What is the greatest common divisor of 1014 and 78?
78
What is the greatest common divisor of 90 and 198?
18
What is the highest common divisor of 319 and 484?
11
Calculate the highest common factor of 1152 and 80.
16
What is the greatest common factor of 102 and 2006?
34
Calculate the greatest common factor of 20 and 740.
20
Calculate the greatest common divisor of 52 and 10348.
52
Calculate the greatest common factor of 451 and 44.
11
What is the highest common divisor of 1727 and 2041?
157
Calculate the highest common divisor of 8 and 24.
8
Calculate the highest common divisor of 78 and 204.
6
What is the greatest common divisor of 42 and 4942?
14
Calculate the highest common factor of 80 and 45.
5
What is the greatest common divisor of 77 and 5819?
11
What is the highest common factor of 1360 and 400?
80
Calculate the highest common divisor of 1552 and 16.
16
What is the highest common factor of 20 and 405?
5
What is the highest common factor of 1358 and 28?
14
What is the highest common divisor of 39026 and 19?
19
Calculate the highest common factor of 15 and 115.
5
What is the highest common factor of 1206 and 90?
18
Calculate the greatest common factor of 256 and 24.
8
What is the highest common factor of 52 and 35?
1
What is the greatest common divisor of 73 and 5?
1
Calculate the highest common divisor of 2912 and 273.
91
What is the greatest common divisor of 152 and 133?
19
What is the highest common divisor of 559 and 86?
43
What is the highest common divisor of 3683 and 29?
29
What is the highest common divisor of 36 and 28?
4
What is the highest common divisor of 149 and 56471?
149
Calculate the greatest common factor of 4 and 2.
2
Calculate the greatest common divisor of 37 and 73.
1
What is the highest common divisor of 41 and 2255?
41
What is the greatest common divisor of 396 and 88?
44
What is the greatest common factor of 6 and 81?
3
Calculate the highest common divisor of 208 and 3211.
13
What is the greatest common factor of 68869 and 61?
61
Calculate the highest common divisor of 1245 and 195.
15
What is the greatest common divisor of 4 and 237?
1
Calculate the greatest common f